) = 70*o**3 - 2*o**2 + 1. Is l(2) a composite number?
True
Suppose -8*z + 137 = -15. Is z a prime number?
True
Let a be (-3 - (3 + -1))*3. Is 5037/15 - (-12)/a composite?
True
Let n(d) = d**2 + 5*d - 13. Let r be n(-7). Is 131/r - (-5 - -9) composite?
False
Let n(u) = -u**3 - u**2 - 5*u - 5. Let r be n(-5). Suppose 4 + r = 4*x. Is x a composite number?
False
Suppose 0 = 2*b - 4*q - 4, 3*b - 2 = 2*q + 4. Suppose -d = -b*s + 26, 3*s + 89 = -3*d - 2*s. Let r = 95 + d. Is r a prime number?
True
Suppose -7*c + 2570 = -5*c. Is c a composite number?
True
Suppose 5*z = -2*s + z + 72, 5*z + 120 = 5*s. Let m = -2 + -7. Let c = s + m. Is c prime?
True
Let s be 3/9*(41 + -2). Let g(u) = -u**3 + 14*u**2 + 19*u - 3. Is g(s) prime?
False
Is (2495/20 + 0)*4 a prime number?
True
Suppose 3*l = 5*l - 646. Is l a composite number?
True
Is (-4)/14 - 326/(-14) a prime number?
True
Let m be (10/(-4))/((-2)/4). Let w = m - 1. Suppose -99 = -w*a + 1. Is a a prime number?
False
Suppose 0 = -4*n - n + 6140. Suppose n = -0*d + 4*d. Is d a composite number?
False
Let j(t) = t**3 + 3*t**2 - 6*t - 1. Suppose 4*b + 0*b + 16 = 0. Is j(b) prime?
True
Let r(k) = k**3 + 11*k**2 - k + 3. Let h be r(-9). Suppose h = -2*y + 4*y. Is y prime?
False
Let x be 481 - ((1 - 0) + -4). Let p = x + -285. Is p composite?
False
Let u = 1419 - 648. Is u composite?
True
Let u be 0*4/(2 - -2). Let v(z) = -z**2 - 6*z + 5. Let j be v(-5). Let l = j - u. Is l prime?
False
Suppose 19 + 30 = 7*s. Suppose -s*d = -2*d - 775. Is d a prime number?
False
Let v = 108 + -25. Is v composite?
False
Let i be ((-2)/(-2) + -1)/1. Suppose 4*m + 0*m - 356 = i. Is m composite?
False
Let c be (2 - 1)*0/1. Suppose 4*y + 3*v - 2*v + 11 = c, 4*y = v - 5. Is (-1)/(-2) + (-19)/y a prime number?
False
Suppose 2*j = 2*w + 8, 5*w + 1 = -3*j + 5. Is 21*((-2)/(-3) - w) a prime number?
False
Suppose x + 0*x = -5*s - 13, -5*s - 17 = -x. Suppose u + z = -2*z + 103, 0 = -4*u + x*z + 356. Is u composite?
True
Let f(z) = -5*z**3 - 3*z**2 + 3*z - 2. Let p be 4/(2 + 0) - 8. Let a be (0 + 3)/(6/p). Is f(a) a prime number?
True
Suppose -z + 2*x + 74 = -66, -2*x - 716 = -5*z. Suppose -12 = -4*w - z. Let g = 48 + w. Is g composite?
True
Suppose -6*h = -3*h - 9. Suppose -h*q - q + 764 = 0. Is q a composite number?
False
Let q be 2 - (-2 + (-2 - -3)). Suppose 2*f - 125 = 2*a + a, -f + 85 = q*a. Suppose -4*m - m = -f. Is m a prime number?
False
Let z(o) = -o**2 + 5*o - 4. Let a be z(5). Let u = 2 - a. Let m(b) = 2*b**2 - 10*b + 9. Is m(u) a prime number?
False
Let f = 463 + 490. Is f composite?
False
Suppose 4*n - 311 = -3. Is n prime?
False
Suppose -2*v - 4*l = -2958, -v + 6*l = 2*l - 1485. Is v a prime number?
True
Suppose 7*g - 3*g - 4156 = 0. Is g composite?
False
Let f be 4/(-18) + 136/(-36). Let p be 1/(0 - (-2)/f). Is -4*(-1)/(p/(-17)) composite?
True
Let c = 205 - 78. Is c a composite number?
False
Let x(m) = 120*m**3 - m + 2. Is x(1) a composite number?
True
Let b(h) = 22*h + 2. Let f(r) = r. Let q(t) = b(t) + f(t). Is q(4) a prime number?
False
Let k be 534/10*(0 + -5). Let j = k - -430. Is j composite?
False
Is -10 + 10 + 1 + 178 prime?
True
Is (-1 - 3) + 227*1 composite?
False
Let w(g) = -g**2 - 5*g - 5. Let o(c) = c**2 - 5*c - 4. Let p be o(5). Let y be w(p). Is (y/(-2) + -2)*-10 prime?
False
Let u = -2540 + 6061. Is u prime?
False
Let l(r) = -r - 2. Let p be l(-2). Suppose p = 3*u + 2*u - 5. Is u/(((-1)/(-1))/113) a prime number?
True
Let m be 14/4 - 4/8. Suppose 5*b - 2*g = -m*g + 171, -5*b + 5*g = -195. Is b prime?
False
Suppose y + 72 - 306 = 0. Suppose k - 20 = 2*h + 35, 4*k - h = y. Is k prime?
True
Let h = 3437 + -1902. Is h composite?
True
Suppose 3*b = 5*q + 196, 2*b - 3*b = -2. Let f = q + 121. Is f prime?
True
Suppose 0*s - 5 = -3*w + 2*s, 3*w = 5*s - 1. Let g = w + -3. Suppose -u + 0 + 79 = g. Is u composite?
False
Suppose 3*t = -44 + 188. Suppose -z = -h - 14, 3*z - 5*h - t = -0*h. Is 2/8 - z/(-4) a composite number?
False
Let k = 94 - -223. Is k prime?
True
Let j = -5 - -9. Let s be j/(-2) + (20 - 1). Suppose -4*w + 11 + s = 0. Is w a prime number?
True
Suppose -4*b = -2*m - 10, m + 6*b + 10 = 3*b. Let k = 7 + m. Suppose k*s - 138 = -2*s. Is s a prime number?
False
Let m(y) = y**2 - 10*y - 2. Is m(11) a prime number?
False
Let z(l) = 2*l + 2. Let c be z(-2). Is 31 - (-3)/((-3)/c) composite?
True
Suppose 2*a + 0*a = 88. Let m be 184/a - (-4)/(-22). Is (-1055)/(-20) - (-1)/m a prime number?
True
Suppose -943 - 85 = -4*z. Is z a composite number?
False
Let r(v) = -5*v - 5*v - 1 + 0*v - 29*v. Is r(-2) prime?
False
Suppose -13 + 1 = 4*l. Let i = l + 45. Let x = -5 + i. Is x a prime number?
True
Suppose -48 = 4*h - 2*h. Let c = h - -70. Is c prime?
False
Let y(v) = v**2 - 4*v + 3. Let a be y(3). Suppose 0 = -t - o + 6*o, 5*t - o = a. Suppose t = -h - 15 + 38. Is h a composite number?
False
Is ((-112)/12 - -3)*-3 a prime number?
True
Let d(c) = 84*c - 5. Let g be d(2). Suppose b + g + 163 = 2*n, 0 = 2*n - 4*b - 326. Is n prime?
True
Is (-566)/(-5) - 5/25 a prime number?
True
Let y(f) = 77*f - 1. Let o be y(2). Suppose -3*q - z = -895, 1343 - o = 4*q + 3*z. Is q prime?
False
Let d(f) = 1889*f**2 - f + 1. Is d(1) a composite number?
False
Let s be 396 + 1 + 0 + -2. Suppose 0*k + 5*k - s = 0. Is k prime?
True
Suppose -244 = -2*v + 2*d, -2*v - 3*d = 2*v - 523. Is v a composite number?
False
Let r(u) = -5*u - 1. Let t be r(2). Let x = -8 - t. Is 56/x - (-3)/9 composite?
False
Suppose 2*z + 4561 = 4*z + 3*i, -i = -3*z + 6836. Is z composite?
True
Suppose -21 = -u + 4*u. Let a = -45 - -38. Is (-495)/a - 2/u composite?
False
Suppose 5*h + 4*n = -0*n - 36, -2*n - 24 = 4*h. Is (h/(-3))/(-4)*-291 prime?
True
Let p(r) = -r**2 + 5*r + 6. Let b be p(5). Suppose b*q - 700 = q. Let j = q - 49. Is j composite?
True
Suppose -y - w + 1 - 3 = 0, -4*y - 2*w = -2. Suppose -y*s - 9 + 27 = 0. Suppose -3*t = s, t - 19 = -2*f - f. Is f a prime number?
True
Let d(b) = -b**2 + 14*b + 1. Let k be d(10). Suppose 0 = -5*n + 54 + k. Is n a prime number?
True
Let k be (5 + (-3)/3)*1. Suppose -77 = -k*t + n, -11 = -2*t + t + 3*n. Suppose -t = -s + 15. Is s composite?
True
Let y(m) = m**3 + 8*m**2 - 9*m - 1. Is y(-8) a composite number?
False
Suppose -5 - 1 = -2*f, 2*f = 3*o - 105. Is o a prime number?
True
Is (3/(-3))/(2/(-254)) prime?
True
Let q(r) = 3 + 2 + 3*r - 1. Let d = 18 - 12. Is q(d) a prime number?
False
Let l be -1 - (4 + -3) - -18. Suppose l + 19 = 5*z. Is z a composite number?
False
Let n(u) = u + 6. Let b be n(-5). Suppose -b = -3*s + 4*d + 3, 4*s = 3*d + 10. Let a = s + 27. Is a prime?
True
Suppose -609 + 59 = -5*i. Suppose -2*p - p + 3*a = -72, -5*p = 5*a - i. Is p composite?
False
Suppose x + g = 89, 0*x - 275 = -3*x - 5*g. Is x composite?
True
Let a be (-47)/(-7) + (-12)/(-42). Suppose a + 30 = b. Is b a composite number?
False
Let u(k) = 5*k + 2*k - 5 + 0*k - 8*k + k**2. Is u(-8) prime?
True
Let o(j) = j + 3. Let h(w) = 2*w + 4. Let u(v) = 2*h(v) - 3*o(v). Is u(4) prime?
True
Suppose 4*p - 4*a - 480 = 0, -4*p + 366 = 2*a - 84. Is p a prime number?
False
Let l be ((-26)/(-2))/(2/18). Suppose l + 278 = 5*s. Is s composite?
False
Suppose 5*i + f - 5434 = 0, -i + 3*f = 2*f - 1088. Is i a prime number?
True
Let a = -300 + 523. Is a a prime number?
True
Is (1 - -1)*(2485/10 + 1) prime?
True
Let s(z) = 72*z + 1. Let v be s(-1). Let c = 20 - v. Is c a prime number?
False
Suppose -4*o - 38 = -6. Let t(r) = -2*r**3 - 4*r**2 + 3*r + 7. Is t(o) a prime number?
True
Is (22/33)/(2/423) a prime number?
False
Suppose 0 = -7*i - i + 1048. Is i composite?
False
Let b(y) = 0*y**2 + y**2 + 7 - 4 + 1 + 6*y. Let c be b(-9). Is 0 - c*(3 - 4) a prime number?
True
Suppose 0 = -2*x - x. Suppose 4*b + 1 + 7 = x, 0 = 5*l + 5*b - 1305. Is l a prime number?
True
Suppose -808 = -4*c + 4*a + 492, 5*a = 3*c - 979. Is c composite?
True
Suppose -4*g - 1865 = -9*g. Suppose -2*j - g = -3*j. Is j a prime number?
True
Let u be (3/2)/((-2)/4). Let q(w) = -6*w**3 + 3*w**2 + 2*w - 1. Let k be q(u). Let y = k - 129. Is y composite?
False
Let x(u) = -u**2 + 6*u - 3. Let w be x(4). Suppose -w*g + 11 = 5*p - 2*p, 3*g - 4*p = -5. Is (29 + 2)*g - 0 composite?
False
Let k = 21 - 10. Let d = -7 + k. Suppose -r - d*r + 435 = 0. Is r a prime number?
False
Suppose 156 = 2*u - 1110. I